{"id":32,"date":"2024-05-07T20:39:51","date_gmt":"2024-05-07T18:39:51","guid":{"rendered":"http:\/\/iq-software.pl\/portfolio\/"},"modified":"2024-05-07T20:40:47","modified_gmt":"2024-05-07T18:40:47","slug":"portfolio","status":"publish","type":"page","link":"https:\/\/iq-software.pl\/?page_id=32","title":{"rendered":"Portfolio"},"content":{"rendered":"\n<div class=\"wp-block-uagb-container uagb-block-4f2a4d1b alignfull uagb-is-root-container\"><div class=\"uagb-container-inner-blocks-wrap\">\n<div class=\"wp-block-uagb-advanced-heading uagb-block-19470afb\"><h1 class=\"uagb-heading-text\">Nasze realizacje<\/h1><\/div>\n\n\n\n<div class=\"wp-block-uagb-advanced-heading uagb-block-7a634cf8\"><p class=\"uagb-heading-text\">Przyk\u0142ady naszych sukces\u00f3w w dziedzinie oprogramowania dla zarz\u0105dzania produkcj\u0105 i logistyk\u0105.<\/p><\/div>\n<\/div><\/div>\n\n\n\n<div class=\"wp-block-uagb-container uagb-block-36765bb7 alignfull uagb-is-root-container\"><div class=\"uagb-container-inner-blocks-wrap\">\n<div class=\"wp-block-uagb-container uagb-block-3de92929\">\n<div class=\"wp-block-uagb-container uagb-block-56086ec7\">\n<div class=\"wp-block-uagb-image alignleft uagb-block-ccd53c61 wp-block-uagb-image--layout-default wp-block-uagb-image--effect-static wp-block-uagb-image--align-left\"><figure class=\"wp-block-uagb-image__figure\"><img loading=\"lazy\" decoding=\"async\" src=\"https:\/\/iq-software.pl\/wp-content\/uploads\/sites\/2\/2024\/05\/zipwp-image-placeholder-landscape.png\" alt=\"\" class=\"uag-image-20\" width=\"522\" height=\"350\" title=\"\" loading=\"lazy\" role=\"img\" \/><\/figure><\/div>\n<\/div>\n\n\n\n<div class=\"wp-block-uagb-container uagb-block-177f3dcc\">\n<div class=\"wp-block-uagb-info-box uagb-block-6ce363d8 uagb-infobox__content-wrap  uagb-infobox-icon-above-title uagb-infobox-image-valign-top wp-block-uagb-info-box--has-margin\"><div class=\"uagb-infobox-margin-wrapper\"><div class=\"uagb-ifb-content\"><div class=\"uagb-ifb-title-wrap\"><span class=\"uagb-ifb-title-prefix\">01.<\/span><h2 class=\"uagb-ifb-title\">Najwa\u017cniejsze osi\u0105gni\u0119cie 1<\/h2><\/div><p class=\"uagb-ifb-desc\">Podziel si\u0119 tutaj szczeg\u00f3\u0142ami. To jest sekcja elastyczna, w kt\u00f3rej mo\u017cesz udost\u0119pni\u0107 cokolwiek chcesz. Mog\u0105 to by\u0107 szczeg\u00f3\u0142y lub informacje.<\/p><\/div><\/div><\/div>\n<\/div>\n<\/div>\n\n\n\n<div class=\"wp-block-uagb-container uagb-block-41519838\">\n<div class=\"wp-block-uagb-container uagb-block-d1c8be61\">\n<div class=\"wp-block-uagb-image alignleft uagb-block-92cbf80d wp-block-uagb-image--layout-default wp-block-uagb-image--effect-static wp-block-uagb-image--align-left\"><figure class=\"wp-block-uagb-image__figure\"><img loading=\"lazy\" decoding=\"async\" src=\"https:\/\/iq-software.pl\/wp-content\/uploads\/sites\/2\/2024\/05\/zipwp-image-placeholder-portrait.png\" alt=\"\" class=\"uag-image-21\" width=\"522\" height=\"350\" title=\"\" loading=\"lazy\" role=\"img\" \/><\/figure><\/div>\n<\/div>\n\n\n\n<div class=\"wp-block-uagb-container uagb-block-753f7f04\">\n<div class=\"wp-block-uagb-info-box uagb-block-d27021ec uagb-infobox__content-wrap  uagb-infobox-icon-above-title uagb-infobox-image-valign-top wp-block-uagb-info-box--has-margin\"><div class=\"uagb-infobox-margin-wrapper\"><div class=\"uagb-ifb-content\"><div class=\"uagb-ifb-title-wrap\"><span class=\"uagb-ifb-title-prefix\">02.<\/span><h2 class=\"uagb-ifb-title\">Najwa\u017cniejsze osi\u0105gni\u0119cie 2<\/h2><\/div><p class=\"uagb-ifb-desc\">Podziel si\u0119 tutaj szczeg\u00f3\u0142ami. To jest sekcja elastyczna, w kt\u00f3rej mo\u017cesz udost\u0119pni\u0107 cokolwiek chcesz. Mog\u0105 to by\u0107 szczeg\u00f3\u0142y lub informacje.<\/p><\/div><\/div><\/div>\n<\/div>\n<\/div>\n\n\n\n<div class=\"wp-block-uagb-container uagb-block-9e85eb99\">\n<div class=\"wp-block-uagb-container uagb-block-9f1d491d\">\n<div class=\"wp-block-uagb-image alignleft uagb-block-20bd491a wp-block-uagb-image--layout-default wp-block-uagb-image--effect-static wp-block-uagb-image--align-left\"><figure class=\"wp-block-uagb-image__figure\"><img loading=\"lazy\" decoding=\"async\" src=\"https:\/\/iq-software.pl\/wp-content\/uploads\/sites\/2\/2024\/05\/zipwp-image-placeholder-landscape.png\" alt=\"\" class=\"uag-image-20\" width=\"522\" height=\"350\" title=\"\" loading=\"lazy\" role=\"img\" \/><\/figure><\/div>\n<\/div>\n\n\n\n<div class=\"wp-block-uagb-container uagb-block-c8df79b5\">\n<div class=\"wp-block-uagb-info-box uagb-block-1b3d17eb uagb-infobox__content-wrap  uagb-infobox-icon-above-title uagb-infobox-image-valign-top wp-block-uagb-info-box--has-margin\"><div class=\"uagb-infobox-margin-wrapper\"><div class=\"uagb-ifb-content\"><div class=\"uagb-ifb-title-wrap\"><span class=\"uagb-ifb-title-prefix\">03.<\/span><h2 class=\"uagb-ifb-title\">Najwa\u017cniejsze osi\u0105gni\u0119cie 3<\/h2><\/div><p class=\"uagb-ifb-desc\">Podziel si\u0119 tutaj szczeg\u00f3\u0142ami. To jest sekcja elastyczna, w kt\u00f3rej mo\u017cesz udost\u0119pni\u0107 cokolwiek chcesz. Mog\u0105 to by\u0107 szczeg\u00f3\u0142y lub informacje.<\/p><\/div><\/div><\/div>\n<\/div>\n<\/div>\n\n\n\n<div class=\"wp-block-uagb-container uagb-block-18d6cb9d\">\n<div class=\"wp-block-uagb-container uagb-block-bfd55f0f\">\n<div class=\"wp-block-uagb-image alignleft uagb-block-321287f2 wp-block-uagb-image--layout-default wp-block-uagb-image--effect-static wp-block-uagb-image--align-left\"><figure class=\"wp-block-uagb-image__figure\"><img loading=\"lazy\" decoding=\"async\" src=\"https:\/\/iq-software.pl\/wp-content\/uploads\/sites\/2\/2024\/05\/zipwp-image-placeholder-portrait.png\" alt=\"\" class=\"uag-image-21\" width=\"522\" height=\"350\" title=\"\" loading=\"lazy\" role=\"img\" \/><\/figure><\/div>\n<\/div>\n\n\n\n<div class=\"wp-block-uagb-container uagb-block-b012fae7\">\n<div class=\"wp-block-uagb-info-box uagb-block-2390eb38 uagb-infobox__content-wrap  uagb-infobox-icon-above-title uagb-infobox-image-valign-top wp-block-uagb-info-box--has-margin\"><div class=\"uagb-infobox-margin-wrapper\"><div class=\"uagb-ifb-content\"><div class=\"uagb-ifb-title-wrap\"><span class=\"uagb-ifb-title-prefix\">04.<\/span><h2 class=\"uagb-ifb-title\">Najwa\u017cniejsze osi\u0105gni\u0119cie 4<\/h2><\/div><p class=\"uagb-ifb-desc\">Podziel si\u0119 tutaj szczeg\u00f3\u0142ami. To jest sekcja elastyczna, w kt\u00f3rej mo\u017cesz udost\u0119pni\u0107 cokolwiek chcesz. Mog\u0105 to by\u0107 szczeg\u00f3\u0142y lub informacje.<\/p><\/div><\/div><\/div>\n<\/div>\n<\/div>\n<\/div><\/div>\n\n\n\n<div class=\"wp-block-uagb-container uagb-block-12fa4e5b alignfull uagb-is-root-container\"><div class=\"uagb-container-inner-blocks-wrap\">\n<div class=\"wp-block-uagb-info-box uagb-block-7008500d uagb-infobox__content-wrap  uagb-infobox-icon-above-title uagb-infobox-image-valign-top\"><div class=\"uagb-ifb-content\"><div class=\"uagb-ifb-title-wrap\"><h2 class=\"uagb-ifb-title\">Skontaktuj si\u0119 z nami<\/h2><\/div><p class=\"uagb-ifb-desc\">Chcieliby\u015bmy pozna\u0107 Twoje potrzeby i przedstawi\u0107 nasze rozwi\u0105zania. Skontaktuj si\u0119 z nami ju\u017c dzisiaj!<\/p><div class=\"uagb-ifb-button-wrapper wp-block-button\"><a href=\"\/contact\/\" class=\"uagb-infobox-cta-link wp-block-button__link\" target=\"_self\" rel=\"noopener noreferrer\"><span class=\"uagb-inline-editing\">Odkryj wi\u0119cej<\/span><\/a><\/div><\/div><\/div>\n<\/div><\/div>\n","protected":false},"excerpt":{"rendered":"<p>Nasze realizacje Przyk\u0142ady naszych sukces\u00f3w w dziedzinie oprogramowania dla zarz\u0105dzania produkcj\u0105 i logistyk\u0105.<\/p>\n","protected":false},"author":1,"featured_media":0,"parent":0,"menu_order":0,"comment_status":"closed","ping_status":"closed","template":"","meta":{"_uag_custom_page_level_css":"","site-sidebar-layout":"default","site-content-layout":"","ast-site-content-layout":"default","site-content-style":"default","site-sidebar-style":"default","ast-global-header-display":"","ast-banner-title-visibility":"","ast-main-header-display":"","ast-hfb-above-header-display":"","ast-hfb-below-header-display":"","ast-hfb-mobile-header-display":"","site-post-title":"disabled","ast-breadcrumbs-content":"","ast-featured-img":"","footer-sml-layout":"","theme-transparent-header-meta":"","adv-header-id-meta":"","stick-header-meta":"","header-above-stick-meta":"","header-main-stick-meta":"","header-below-stick-meta":"","astra-migrate-meta-layouts":"set","ast-page-background-enabled":"default","ast-page-background-meta":{"desktop":{"background-color":"var(--ast-global-color-4)","background-image":"","background-repeat":"repeat","background-position":"center center","background-size":"auto","background-attachment":"scroll","background-type":"","background-media":"","overlay-type":"","overlay-color":"","overlay-gradient":""},"tablet":{"background-color":"","background-image":"","background-repeat":"repeat","background-position":"center center","background-size":"auto","background-attachment":"scroll","background-type":"","background-media":"","overlay-type":"","overlay-color":"","overlay-gradient":""},"mobile":{"background-color":"","background-image":"","background-repeat":"repeat","background-position":"center center","background-size":"auto","background-attachment":"scroll","background-type":"","background-media":"","overlay-type":"","overlay-color":"","overlay-gradient":""}},"ast-content-background-meta":{"desktop":{"background-color":"var(--ast-global-color-5)","background-image":"","background-repeat":"repeat","background-position":"center center","background-size":"auto","background-attachment":"scroll","background-type":"","background-media":"","overlay-type":"","overlay-color":"","overlay-gradient":""},"tablet":{"background-color":"var(--ast-global-color-5)","background-image":"","background-repeat":"repeat","background-position":"center center","background-size":"auto","background-attachment":"scroll","background-type":"","background-media":"","overlay-type":"","overlay-color":"","overlay-gradient":""},"mobile":{"background-color":"var(--ast-global-color-5)","background-image":"","background-repeat":"repeat","background-position":"center center","background-size":"auto","background-attachment":"scroll","background-type":"","background-media":"","overlay-type":"","overlay-color":"","overlay-gradient":""}},"footnotes":""},"class_list":["post-32","page","type-page","status-publish","hentry"],"yoast_head":"<!-- This site is optimized with the Yoast SEO plugin v24.6 - https:\/\/yoast.com\/wordpress\/plugins\/seo\/ -->\n<title>Portfolio - IQ-Software<\/title>\n<meta name=\"robots\" content=\"index, follow, max-snippet:-1, max-image-preview:large, max-video-preview:-1\" \/>\n<link rel=\"canonical\" href=\"https:\/\/iq-software.pl\/?page_id=32\" \/>\n<meta property=\"og:locale\" content=\"pl_PL\" \/>\n<meta property=\"og:type\" content=\"article\" \/>\n<meta property=\"og:title\" content=\"Portfolio - IQ-Software\" \/>\n<meta property=\"og:description\" content=\"Nasze realizacje Przyk\u0142ady naszych sukces\u00f3w w dziedzinie oprogramowania dla zarz\u0105dzania produkcj\u0105 i logistyk\u0105.\" \/>\n<meta property=\"og:url\" content=\"https:\/\/iq-software.pl\/?page_id=32\" \/>\n<meta property=\"og:site_name\" content=\"IQ-Software\" \/>\n<meta property=\"article:modified_time\" content=\"2024-05-07T18:40:47+00:00\" \/>\n<meta property=\"og:image\" content=\"https:\/\/iq-software.pl\/wp-content\/uploads\/sites\/2\/2024\/05\/zipwp-image-placeholder-landscape.png\" \/>\n<meta name=\"twitter:card\" content=\"summary_large_image\" \/>\n<meta name=\"twitter:label1\" content=\"Szacowany czas czytania\" \/>\n\t<meta name=\"twitter:data1\" content=\"1 minuta\" \/>\n<script type=\"application\/ld+json\" class=\"yoast-schema-graph\">{\"@context\":\"https:\/\/schema.org\",\"@graph\":[{\"@type\":\"WebPage\",\"@id\":\"https:\/\/iq-software.pl\/?page_id=32\",\"url\":\"https:\/\/iq-software.pl\/?page_id=32\",\"name\":\"Portfolio - IQ-Software\",\"isPartOf\":{\"@id\":\"https:\/\/iq-software.pl\/#website\"},\"primaryImageOfPage\":{\"@id\":\"https:\/\/iq-software.pl\/?page_id=32#primaryimage\"},\"image\":{\"@id\":\"https:\/\/iq-software.pl\/?page_id=32#primaryimage\"},\"thumbnailUrl\":\"https:\/\/iq-software.pl\/wp-content\/uploads\/sites\/2\/2024\/05\/zipwp-image-placeholder-landscape.png\",\"datePublished\":\"2024-05-07T18:39:51+00:00\",\"dateModified\":\"2024-05-07T18:40:47+00:00\",\"breadcrumb\":{\"@id\":\"https:\/\/iq-software.pl\/?page_id=32#breadcrumb\"},\"inLanguage\":\"pl-PL\",\"potentialAction\":[{\"@type\":\"ReadAction\",\"target\":[\"https:\/\/iq-software.pl\/?page_id=32\"]}]},{\"@type\":\"ImageObject\",\"inLanguage\":\"pl-PL\",\"@id\":\"https:\/\/iq-software.pl\/?page_id=32#primaryimage\",\"url\":\"https:\/\/iq-software.pl\/wp-content\/uploads\/sites\/2\/2024\/05\/zipwp-image-placeholder-landscape.png\",\"contentUrl\":\"https:\/\/iq-software.pl\/wp-content\/uploads\/sites\/2\/2024\/05\/zipwp-image-placeholder-landscape.png\",\"width\":2247,\"height\":1500,\"caption\":\"zipwp-image-placeholder-landscape.jpeg\"},{\"@type\":\"BreadcrumbList\",\"@id\":\"https:\/\/iq-software.pl\/?page_id=32#breadcrumb\",\"itemListElement\":[{\"@type\":\"ListItem\",\"position\":1,\"name\":\"Strona g\u0142\u00f3wna\",\"item\":\"https:\/\/iq-software.pl\/\"},{\"@type\":\"ListItem\",\"position\":2,\"name\":\"Portfolio\"}]},{\"@type\":\"WebSite\",\"@id\":\"https:\/\/iq-software.pl\/#website\",\"url\":\"https:\/\/iq-software.pl\/\",\"name\":\"IQ-Software\",\"description\":\"\",\"potentialAction\":[{\"@type\":\"SearchAction\",\"target\":{\"@type\":\"EntryPoint\",\"urlTemplate\":\"https:\/\/iq-software.pl\/?s={search_term_string}\"},\"query-input\":{\"@type\":\"PropertyValueSpecification\",\"valueRequired\":true,\"valueName\":\"search_term_string\"}}],\"inLanguage\":\"pl-PL\"}]}<\/script>\n<!-- \/ Yoast SEO plugin. -->","yoast_head_json":{"title":"Portfolio - IQ-Software","robots":{"index":"index","follow":"follow","max-snippet":"max-snippet:-1","max-image-preview":"max-image-preview:large","max-video-preview":"max-video-preview:-1"},"canonical":"https:\/\/iq-software.pl\/?page_id=32","og_locale":"pl_PL","og_type":"article","og_title":"Portfolio - IQ-Software","og_description":"Nasze realizacje Przyk\u0142ady naszych sukces\u00f3w w dziedzinie oprogramowania dla zarz\u0105dzania produkcj\u0105 i logistyk\u0105.","og_url":"https:\/\/iq-software.pl\/?page_id=32","og_site_name":"IQ-Software","article_modified_time":"2024-05-07T18:40:47+00:00","og_image":[{"url":"https:\/\/iq-software.pl\/wp-content\/uploads\/sites\/2\/2024\/05\/zipwp-image-placeholder-landscape.png","type":"","width":"","height":""}],"twitter_card":"summary_large_image","twitter_misc":{"Szacowany czas czytania":"1 minuta"},"schema":{"@context":"https:\/\/schema.org","@graph":[{"@type":"WebPage","@id":"https:\/\/iq-software.pl\/?page_id=32","url":"https:\/\/iq-software.pl\/?page_id=32","name":"Portfolio - IQ-Software","isPartOf":{"@id":"https:\/\/iq-software.pl\/#website"},"primaryImageOfPage":{"@id":"https:\/\/iq-software.pl\/?page_id=32#primaryimage"},"image":{"@id":"https:\/\/iq-software.pl\/?page_id=32#primaryimage"},"thumbnailUrl":"https:\/\/iq-software.pl\/wp-content\/uploads\/sites\/2\/2024\/05\/zipwp-image-placeholder-landscape.png","datePublished":"2024-05-07T18:39:51+00:00","dateModified":"2024-05-07T18:40:47+00:00","breadcrumb":{"@id":"https:\/\/iq-software.pl\/?page_id=32#breadcrumb"},"inLanguage":"pl-PL","potentialAction":[{"@type":"ReadAction","target":["https:\/\/iq-software.pl\/?page_id=32"]}]},{"@type":"ImageObject","inLanguage":"pl-PL","@id":"https:\/\/iq-software.pl\/?page_id=32#primaryimage","url":"https:\/\/iq-software.pl\/wp-content\/uploads\/sites\/2\/2024\/05\/zipwp-image-placeholder-landscape.png","contentUrl":"https:\/\/iq-software.pl\/wp-content\/uploads\/sites\/2\/2024\/05\/zipwp-image-placeholder-landscape.png","width":2247,"height":1500,"caption":"zipwp-image-placeholder-landscape.jpeg"},{"@type":"BreadcrumbList","@id":"https:\/\/iq-software.pl\/?page_id=32#breadcrumb","itemListElement":[{"@type":"ListItem","position":1,"name":"Strona g\u0142\u00f3wna","item":"https:\/\/iq-software.pl\/"},{"@type":"ListItem","position":2,"name":"Portfolio"}]},{"@type":"WebSite","@id":"https:\/\/iq-software.pl\/#website","url":"https:\/\/iq-software.pl\/","name":"IQ-Software","description":"","potentialAction":[{"@type":"SearchAction","target":{"@type":"EntryPoint","urlTemplate":"https:\/\/iq-software.pl\/?s={search_term_string}"},"query-input":{"@type":"PropertyValueSpecification","valueRequired":true,"valueName":"search_term_string"}}],"inLanguage":"pl-PL"}]}},"uagb_featured_image_src":{"full":false,"thumbnail":false,"medium":false,"medium_large":false,"large":false,"1536x1536":false,"2048x2048":false},"uagb_author_info":{"display_name":"adminiqswordpress","author_link":"https:\/\/iq-software.pl\/?author=1"},"uagb_comment_info":0,"uagb_excerpt":"Nasze realizacje Przyk\u0142ady naszych sukces\u00f3w w dziedzinie oprogramowania dla zarz\u0105dzania produkcj\u0105 i logistyk\u0105.","_links":{"self":[{"href":"https:\/\/iq-software.pl\/index.php?rest_route=\/wp\/v2\/pages\/32"}],"collection":[{"href":"https:\/\/iq-software.pl\/index.php?rest_route=\/wp\/v2\/pages"}],"about":[{"href":"https:\/\/iq-software.pl\/index.php?rest_route=\/wp\/v2\/types\/page"}],"author":[{"embeddable":true,"href":"https:\/\/iq-software.pl\/index.php?rest_route=\/wp\/v2\/users\/1"}],"replies":[{"embeddable":true,"href":"https:\/\/iq-software.pl\/index.php?rest_route=%2Fwp%2Fv2%2Fcomments&post=32"}],"version-history":[{"count":2,"href":"https:\/\/iq-software.pl\/index.php?rest_route=\/wp\/v2\/pages\/32\/revisions"}],"predecessor-version":[{"id":1201,"href":"https:\/\/iq-software.pl\/index.php?rest_route=\/wp\/v2\/pages\/32\/revisions\/1201"}],"wp:attachment":[{"href":"https:\/\/iq-software.pl\/index.php?rest_route=%2Fwp%2Fv2%2Fmedia&parent=32"}],"curies":[{"name":"wp","href":"https:\/\/api.w.org\/{rel}","templated":true}]}}